{"id":4,"date":"2020-04-13T10:38:21","date_gmt":"2020-04-13T10:38:21","guid":{"rendered":"http:\/\/restaurante-portorio.fr\/bienvenue-sur-http-restaurante-portorio-fr"},"modified":"2024-07-07T08:36:53","modified_gmt":"2024-07-07T08:36:53","slug":"bienvenue-sur-http-restaurante-portorio-fr","status":"publish","type":"page","link":"https:\/\/restaurante-portorio.fr\/","title":{"rendered":"Laissez-vous embarquer et d\u00e9couvrez nos sp\u00e9cialit\u00e9s Luso-Br\u00e9siliennes !"},"content":{"rendered":"\r\n<figure class=\"wp-block-image size-large\"><img loading=\"lazy\" decoding=\"async\" width=\"960\" height=\"478\" class=\"wp-image-8\" src=\"http:\/\/restaurante-portorio.fr\/wp-content\/uploads\/2020\/04\/29872506_606521949685266_9054605813460678155_o.png\" alt=\"\" srcset=\"https:\/\/restaurante-portorio.fr\/wp-content\/uploads\/2020\/04\/29872506_606521949685266_9054605813460678155_o.png 960w, https:\/\/restaurante-portorio.fr\/wp-content\/uploads\/2020\/04\/29872506_606521949685266_9054605813460678155_o-300x149.png 300w, https:\/\/restaurante-portorio.fr\/wp-content\/uploads\/2020\/04\/29872506_606521949685266_9054605813460678155_o-768x382.png 768w\" sizes=\"auto, (max-width: 960px) 100vw, 960px\" \/><\/figure>\r\n\r\n\r\n\r\n<blockquote class=\"wp-block-quote has-text-align-center is-layout-flow wp-block-quote-is-layout-flow\">\r\n<p>De Porto \u00e0 Rio, il n\u2019y a qu\u2019un saut\u2026<\/p>\r\n<\/blockquote>\r\n\r\n\r\n\r\n<div class=\"wp-block-group\"><div class=\"wp-block-group__inner-container is-layout-flow wp-block-group-is-layout-flow\">\r\n<div class=\"wp-block-group\"><div class=\"wp-block-group__inner-container is-layout-flow wp-block-group-is-layout-flow\">\r\n<div class=\"wp-block-group\"><div class=\"wp-block-group__inner-container is-layout-flow wp-block-group-is-layout-flow\">\r\n<pre class=\"wp-block-verse has-text-align-center\">Ouvert du Mardi au Dimanche \r\nMardi au Samedi : 12H-15H\/19H-23H\r\nDimanche : 12H-15H<\/pre>\r\n<\/div><\/div>\r\n<\/div><\/div>\r\n<\/div><\/div>\r\n\r\n\r\n\r\n<div class=\"wp-block-group alignfull\"><div class=\"wp-block-group__inner-container is-layout-flow wp-block-group-is-layout-flow\">\r\n<p class=\"has-text-align-center\"><strong>R\u00e9servez au 01 30 49 09 89<\/strong><\/p>\r\n\r\n\r\n\r\n<p class=\"has-text-align-center\">R\u00e9servations accept\u00e9es jusqu&rsquo;\u00e0 13H le midi et 20H le soir<\/p>\r\n<\/div><\/div>\r\n\r\n\r\n\r\n<h2 class=\"has-text-align-center wp-block-heading\">Le Rodizio<\/h2>\r\n\r\n<p>C\u2019est une viande de qualit\u00e9 et des morceaux exceptionnels&#8230;<span class=\"Apple-converted-space\">\u00a0<\/span><\/p>\r\n<p style=\"text-align: justify;\">Vous pensez que les viandes sont consomm\u00e9es de la m\u00eame mani\u00e8re partout dans le monde ?<br \/>Et bien non, selon les cultures et les utilisations, nous n&rsquo;utilisons pas tous les m\u00eames morceaux.<br \/>Prenez le b\u0153uf par exemple. Avez-vous d\u00e9j\u00e0 entendu parler de la Picanha ?<br \/>Non ? C&rsquo;est normal. Ce morceau roi au Br\u00e9sil correspond en France \u00e0 l\u2019\u2019aiguillette de rumsteak. Un morceau qui a disparu au fil<br \/>du temps des \u00e9tals des bouchers. Plus traditionnellement appel\u00e9e pointe de Rumsteack, c\u2019est un morceau tr\u00e8s tendre, tranch\u00e9 dans la<br \/>partie haute de la cuisse (\u00e0 la base de la queue)qui se d\u00e9guste saignant\u2026 Impossible d\u2019y r\u00e9sister!<br \/>La particularit\u00e9 du morceau provient de sa coupe et de sa forme. Il se pr\u00e9sente comme un \u00e9norme magret de canard, c\u2019est \u00e0 dire une<br \/>belle pi\u00e8ce de viande recouverte d\u2019une couche de gras moelleux. C\u2019est ce gras qui va donner en fondant sous la chaleur du grill ce<br \/>go\u00fbt si recherch\u00e9 et caract\u00e9ristique. D\u00e9licatement grill\u00e9, cela donne un morceau de b\u0153uf aux saveurs d\u2019\u2019Am\u00e9rique du Sud.<\/p>\r\n<p style=\"text-align: right;\">Bon voyage des saveurs !<\/p>\r\n\r\n<figure class=\"wp-block-image size-large\"><img loading=\"lazy\" decoding=\"async\" width=\"683\" height=\"1024\" class=\"wp-image-18\" src=\"http:\/\/restaurante-portorio.fr\/wp-content\/uploads\/2020\/04\/IMG_7342-683x1024.jpg\" alt=\"\" srcset=\"https:\/\/restaurante-portorio.fr\/wp-content\/uploads\/2020\/04\/IMG_7342-683x1024.jpg 683w, https:\/\/restaurante-portorio.fr\/wp-content\/uploads\/2020\/04\/IMG_7342-200x300.jpg 200w, https:\/\/restaurante-portorio.fr\/wp-content\/uploads\/2020\/04\/IMG_7342-768x1152.jpg 768w, https:\/\/restaurante-portorio.fr\/wp-content\/uploads\/2020\/04\/IMG_7342-1024x1536.jpg 1024w, https:\/\/restaurante-portorio.fr\/wp-content\/uploads\/2020\/04\/IMG_7342-1365x2048.jpg 1365w, https:\/\/restaurante-portorio.fr\/wp-content\/uploads\/2020\/04\/IMG_7342-scaled.jpg 1706w\" sizes=\"auto, (max-width: 683px) 100vw, 683px\" \/><\/figure>\r\n\r\n\r\n\r\n<div class=\"wp-block-group\"><div class=\"wp-block-group__inner-container is-layout-flow wp-block-group-is-layout-flow\">\r\n<div class=\"wp-block-group alignfull\"><div class=\"wp-block-group__inner-container is-layout-flow wp-block-group-is-layout-flow\">\r\n<p class=\"has-text-align-center\"><strong>Tous\u00a0les\u00a0samedis\u00a0soir<\/strong><\/p>\r\n\r\n\r\n\r\n<p class=\"has-text-align-center\">(R\u00e9servation\u00a0conseill\u00e9e)<\/p>\r\n\r\n\r\n\r\n<p class=\"has-text-align-center\"><strong><em>Rodizio\u00a035,00\u20ac<\/em><\/strong><\/p>\r\n\r\n\r\n\r\n<p>Assortiment\u00a0de\u00a0viandes\u00a0au\u00a0churrasco :\u00a0<\/p>\r\n\r\n\r\n\r\n<p>Saucisse\u00a0de\u00a0porc,\u00a0aile\u00a0de poulet,\u00a0cuisse\u00a0de\u00a0\u00a0poulet,\u00a0blanc\u00a0de\u00a0poulet\u00a0avec\u00a0poitrine\u00a0de\u00a0porc\u00a0fum\u00e9,\u00a0coeur\u00a0de poulet,\u00a0palette\u00a0de\u00a0porc, coeur\u00a0de\u00a0tendre\u00a0de\u00a0tranche, aiguillettes\u00a0Baronne, aiguillettes\u00a0de\u00a0rumsteak.<\/p>\r\n\r\n\r\n\r\n<p>Accompagnements\u00a0:\u00a0<\/p>\r\n\r\n\r\n\r\n<p>Riz,\u00a0haricots\u00a0\u00a0noirs,\u00a0banane plantin,\u00a0choux\u00a0vert,\u00a0\u00a0farofa<\/p>\r\n\r\n\r\n\r\n<p>Dessert :\u00a0<\/p>\r\n\r\n\r\n\r\n<p>Ananas grill\u00e9<\/p>\r\n\r\n\r\n\r\n<p class=\"has-text-align-right\"><strong>Service\u00a0\u00e0\u00a0volont\u00e9.<\/strong><\/p>\r\n\r\n\r\n\r\n<p class=\"has-text-align-right\">(Rodizio\u00a0possible\u00a0tous\u00a0les\u00a0jours,\u00a0sur\u00a0\u00a0r\u00e9servation\u00a0uniquement 48h\u00a0\u00e0\u00a0l\u2019avance)<\/p>\r\n<\/div><\/div>\r\n<\/div><\/div>\r\n\r\n\r\n\r\n<h2 class=\"has-text-align-center wp-block-heading\">MENU<\/h2>\r\n\r\n\r\n\r\n<div data-wp-interactive=\"core\/file\" class=\"wp-block-file\"><object data-wp-bind--hidden=\"!state.hasPdfPreview\" hidden class=\"wp-block-file__embed\" style=\"width: 100%; height: 600px;\" data=\"http:\/\/restaurante-portorio.fr\/wp-content\/uploads\/2024\/07\/Menu-2024.pdf\" type=\"application\/pdf\" width=\"300\" height=\"150\" aria-label=\"Contenu embarqu\u00e9 Contenu embarqu\u00e9 Menu-site-PortoRio-02_10_22..\"><\/object><a href=\"http:\/\/restaurante-portorio.fr\/wp-content\/uploads\/2024\/07\/Menu-2024.pdf\" target=\"_blank\" rel=\"noreferrer noopener\">Menu-site-PortoRio<\/a><\/div>\r\n\r\n\r\n\r\n<h2 class=\"has-text-align-center wp-block-heading\">GALERIE<\/h2>\r\n\r\n\r\n\r\n<figure class=\"wp-block-gallery columns-5 is-cropped wp-block-gallery-1 is-layout-flex wp-block-gallery-is-layout-flex\">\r\n<ul class=\"blocks-gallery-grid\">\r\n<li class=\"blocks-gallery-item\">\r\n<figure><img loading=\"lazy\" decoding=\"async\" width=\"200\" height=\"300\" class=\"wp-image-18\" src=\"http:\/\/restaurante-portorio.fr\/wp-content\/uploads\/2020\/04\/IMG_7342-200x300.jpg\" alt=\"\" data-id=\"18\" data-link=\"http:\/\/restaurante-portorio.fr\/?attachment_id=18\" srcset=\"https:\/\/restaurante-portorio.fr\/wp-content\/uploads\/2020\/04\/IMG_7342-200x300.jpg 200w, https:\/\/restaurante-portorio.fr\/wp-content\/uploads\/2020\/04\/IMG_7342-683x1024.jpg 683w, https:\/\/restaurante-portorio.fr\/wp-content\/uploads\/2020\/04\/IMG_7342-768x1152.jpg 768w, https:\/\/restaurante-portorio.fr\/wp-content\/uploads\/2020\/04\/IMG_7342-1024x1536.jpg 1024w, https:\/\/restaurante-portorio.fr\/wp-content\/uploads\/2020\/04\/IMG_7342-1365x2048.jpg 1365w, https:\/\/restaurante-portorio.fr\/wp-content\/uploads\/2020\/04\/IMG_7342-scaled.jpg 1706w\" sizes=\"auto, (max-width: 200px) 100vw, 200px\" \/><\/figure>\r\n<\/li>\r\n<li class=\"blocks-gallery-item\">\r\n<figure><img loading=\"lazy\" decoding=\"async\" width=\"300\" height=\"200\" class=\"wp-image-17\" src=\"http:\/\/restaurante-portorio.fr\/wp-content\/uploads\/2020\/04\/IMG_7338-300x200.jpg\" alt=\"\" data-id=\"17\" data-link=\"http:\/\/restaurante-portorio.fr\/?attachment_id=17\" srcset=\"https:\/\/restaurante-portorio.fr\/wp-content\/uploads\/2020\/04\/IMG_7338-300x200.jpg 300w, https:\/\/restaurante-portorio.fr\/wp-content\/uploads\/2020\/04\/IMG_7338-1024x683.jpg 1024w, https:\/\/restaurante-portorio.fr\/wp-content\/uploads\/2020\/04\/IMG_7338-768x512.jpg 768w, https:\/\/restaurante-portorio.fr\/wp-content\/uploads\/2020\/04\/IMG_7338-1536x1024.jpg 1536w, https:\/\/restaurante-portorio.fr\/wp-content\/uploads\/2020\/04\/IMG_7338-2048x1365.jpg 2048w\" sizes=\"auto, (max-width: 300px) 100vw, 300px\" \/><\/figure>\r\n<\/li>\r\n<li class=\"blocks-gallery-item\">\r\n<figure><img loading=\"lazy\" decoding=\"async\" width=\"200\" height=\"300\" class=\"wp-image-16\" src=\"http:\/\/restaurante-portorio.fr\/wp-content\/uploads\/2020\/04\/IMG_7337-200x300.jpg\" alt=\"\" data-id=\"16\" data-link=\"http:\/\/restaurante-portorio.fr\/?attachment_id=16\" srcset=\"https:\/\/restaurante-portorio.fr\/wp-content\/uploads\/2020\/04\/IMG_7337-200x300.jpg 200w, https:\/\/restaurante-portorio.fr\/wp-content\/uploads\/2020\/04\/IMG_7337-683x1024.jpg 683w, https:\/\/restaurante-portorio.fr\/wp-content\/uploads\/2020\/04\/IMG_7337-768x1152.jpg 768w, https:\/\/restaurante-portorio.fr\/wp-content\/uploads\/2020\/04\/IMG_7337-1024x1536.jpg 1024w, https:\/\/restaurante-portorio.fr\/wp-content\/uploads\/2020\/04\/IMG_7337-1365x2048.jpg 1365w, https:\/\/restaurante-portorio.fr\/wp-content\/uploads\/2020\/04\/IMG_7337-scaled.jpg 1706w\" sizes=\"auto, (max-width: 200px) 100vw, 200px\" \/><\/figure>\r\n<\/li>\r\n<li class=\"blocks-gallery-item\">\r\n<figure><img loading=\"lazy\" decoding=\"async\" width=\"270\" height=\"300\" class=\"wp-image-7\" src=\"http:\/\/restaurante-portorio.fr\/wp-content\/uploads\/2020\/04\/1CEF468C-42F8-430C-994A-32944AD1B38B-270x300.jpeg\" alt=\"\" data-id=\"7\" data-link=\"http:\/\/restaurante-portorio.fr\/?attachment_id=7\" srcset=\"https:\/\/restaurante-portorio.fr\/wp-content\/uploads\/2020\/04\/1CEF468C-42F8-430C-994A-32944AD1B38B-270x300.jpeg 270w, https:\/\/restaurante-portorio.fr\/wp-content\/uploads\/2020\/04\/1CEF468C-42F8-430C-994A-32944AD1B38B-920x1024.jpeg 920w, https:\/\/restaurante-portorio.fr\/wp-content\/uploads\/2020\/04\/1CEF468C-42F8-430C-994A-32944AD1B38B-768x854.jpeg 768w, https:\/\/restaurante-portorio.fr\/wp-content\/uploads\/2020\/04\/1CEF468C-42F8-430C-994A-32944AD1B38B-1381x1536.jpeg 1381w, https:\/\/restaurante-portorio.fr\/wp-content\/uploads\/2020\/04\/1CEF468C-42F8-430C-994A-32944AD1B38B-1841x2048.jpeg 1841w\" sizes=\"auto, (max-width: 270px) 100vw, 270px\" \/><\/figure>\r\n<\/li>\r\n<li class=\"blocks-gallery-item\">\r\n<figure><img loading=\"lazy\" decoding=\"async\" width=\"200\" height=\"300\" class=\"wp-image-14\" src=\"http:\/\/restaurante-portorio.fr\/wp-content\/uploads\/2020\/04\/IMG_7325-200x300.jpg\" alt=\"\" data-id=\"14\" data-link=\"http:\/\/restaurante-portorio.fr\/?attachment_id=14\" srcset=\"https:\/\/restaurante-portorio.fr\/wp-content\/uploads\/2020\/04\/IMG_7325-200x300.jpg 200w, https:\/\/restaurante-portorio.fr\/wp-content\/uploads\/2020\/04\/IMG_7325-683x1024.jpg 683w, https:\/\/restaurante-portorio.fr\/wp-content\/uploads\/2020\/04\/IMG_7325-768x1152.jpg 768w, https:\/\/restaurante-portorio.fr\/wp-content\/uploads\/2020\/04\/IMG_7325-1024x1536.jpg 1024w, https:\/\/restaurante-portorio.fr\/wp-content\/uploads\/2020\/04\/IMG_7325-1365x2048.jpg 1365w, https:\/\/restaurante-portorio.fr\/wp-content\/uploads\/2020\/04\/IMG_7325-scaled.jpg 1706w\" sizes=\"auto, (max-width: 200px) 100vw, 200px\" \/><\/figure>\r\n<\/li>\r\n<li class=\"blocks-gallery-item\">\r\n<figure><img decoding=\"async\" src=\"blob:https:\/\/restaurante-portorio.fr\/6d809f9b-b9b0-434e-b8f8-d7c304bf98da\" data-id=\"\" \/><\/figure>\r\n<\/li>\r\n<\/ul>\r\n<\/figure>\r\n\r\n\r\n\r\n<h2 class=\"has-text-align-center wp-block-heading\">CONTACT<\/h2>\r\n\r\n\r\n\r\n<p class=\"has-text-align-center\"><strong>01 30 49 09 89<\/strong><\/p>\r\n\r\n\r\n\r\n<p class=\"has-text-align-center\">Les r\u00e9servations se font uniquement par t\u00e9l\u00e9phone, merci.<\/p>\r\n\r\n\r\n\r\n<div class=\"wp-block-webfactory-map\">\r\n<div class=\"wp-block-webfactory-map\"><iframe loading=\"lazy\" src=\"https:\/\/www.google.com\/maps\/embed\/v1\/place?q=Portorio%2C%20coigni%C3%A8res&amp;maptype=roadmap&amp;zoom=17&amp;key=AIzaSyAjyDspiPfzEfjRSS5fQzm-3jHFjHxeXB4\" width=\"100%\" height=\"510px\" frameborder=\"0\"><\/iframe><\/div>\r\n<\/div>\r\n\r\n\r\n\r\n<p class=\"has-text-align-center\"><a href=\"mailto:contact@restaurante-portorio.fr\">contact@restaurante-portorio.fr<\/a><\/p>\r\n\r\n\r\n\r\n<ul class=\"wp-block-social-links aligncenter is-layout-flex wp-block-social-links-is-layout-flex\"><li class=\"wp-social-link wp-social-link-facebook  wp-block-social-link\"><a href=\"https:\/\/www.facebook.com\/RPortoRio\/\" class=\"wp-block-social-link-anchor\"><svg width=\"24\" height=\"24\" viewBox=\"0 0 24 24\" version=\"1.1\" xmlns=\"http:\/\/www.w3.org\/2000\/svg\" aria-hidden=\"true\" focusable=\"false\"><path d=\"M12 2C6.5 2 2 6.5 2 12c0 5 3.7 9.1 8.4 9.9v-7H7.9V12h2.5V9.8c0-2.5 1.5-3.9 3.8-3.9 1.1 0 2.2.2 2.2.2v2.5h-1.3c-1.2 0-1.6.8-1.6 1.6V12h2.8l-.4 2.9h-2.3v7C18.3 21.1 22 17 22 12c0-5.5-4.5-10-10-10z\"><\/path><\/svg><span class=\"wp-block-social-link-label screen-reader-text\">Facebook<\/span><\/a><\/li>\r\n\r\n<li class=\"wp-social-link wp-social-link-instagram  wp-block-social-link\"><a href=\"https:\/\/www.instagram.com\/rportorio\/\" class=\"wp-block-social-link-anchor\"><svg width=\"24\" height=\"24\" viewBox=\"0 0 24 24\" version=\"1.1\" xmlns=\"http:\/\/www.w3.org\/2000\/svg\" aria-hidden=\"true\" focusable=\"false\"><path d=\"M12,4.622c2.403,0,2.688,0.009,3.637,0.052c0.877,0.04,1.354,0.187,1.671,0.31c0.42,0.163,0.72,0.358,1.035,0.673 c0.315,0.315,0.51,0.615,0.673,1.035c0.123,0.317,0.27,0.794,0.31,1.671c0.043,0.949,0.052,1.234,0.052,3.637 s-0.009,2.688-0.052,3.637c-0.04,0.877-0.187,1.354-0.31,1.671c-0.163,0.42-0.358,0.72-0.673,1.035 c-0.315,0.315-0.615,0.51-1.035,0.673c-0.317,0.123-0.794,0.27-1.671,0.31c-0.949,0.043-1.233,0.052-3.637,0.052 s-2.688-0.009-3.637-0.052c-0.877-0.04-1.354-0.187-1.671-0.31c-0.42-0.163-0.72-0.358-1.035-0.673 c-0.315-0.315-0.51-0.615-0.673-1.035c-0.123-0.317-0.27-0.794-0.31-1.671C4.631,14.688,4.622,14.403,4.622,12 s0.009-2.688,0.052-3.637c0.04-0.877,0.187-1.354,0.31-1.671c0.163-0.42,0.358-0.72,0.673-1.035 c0.315-0.315,0.615-0.51,1.035-0.673c0.317-0.123,0.794-0.27,1.671-0.31C9.312,4.631,9.597,4.622,12,4.622 M12,3 C9.556,3,9.249,3.01,8.289,3.054C7.331,3.098,6.677,3.25,6.105,3.472C5.513,3.702,5.011,4.01,4.511,4.511 c-0.5,0.5-0.808,1.002-1.038,1.594C3.25,6.677,3.098,7.331,3.054,8.289C3.01,9.249,3,9.556,3,12c0,2.444,0.01,2.751,0.054,3.711 c0.044,0.958,0.196,1.612,0.418,2.185c0.23,0.592,0.538,1.094,1.038,1.594c0.5,0.5,1.002,0.808,1.594,1.038 c0.572,0.222,1.227,0.375,2.185,0.418C9.249,20.99,9.556,21,12,21s2.751-0.01,3.711-0.054c0.958-0.044,1.612-0.196,2.185-0.418 c0.592-0.23,1.094-0.538,1.594-1.038c0.5-0.5,0.808-1.002,1.038-1.594c0.222-0.572,0.375-1.227,0.418-2.185 C20.99,14.751,21,14.444,21,12s-0.01-2.751-0.054-3.711c-0.044-0.958-0.196-1.612-0.418-2.185c-0.23-0.592-0.538-1.094-1.038-1.594 c-0.5-0.5-1.002-0.808-1.594-1.038c-0.572-0.222-1.227-0.375-2.185-0.418C14.751,3.01,14.444,3,12,3L12,3z M12,7.378 c-2.552,0-4.622,2.069-4.622,4.622S9.448,16.622,12,16.622s4.622-2.069,4.622-4.622S14.552,7.378,12,7.378z M12,15 c-1.657,0-3-1.343-3-3s1.343-3,3-3s3,1.343,3,3S13.657,15,12,15z M16.804,6.116c-0.596,0-1.08,0.484-1.08,1.08 s0.484,1.08,1.08,1.08c0.596,0,1.08-0.484,1.08-1.08S17.401,6.116,16.804,6.116z\"><\/path><\/svg><span class=\"wp-block-social-link-label screen-reader-text\">Instagram<\/span><\/a><\/li><\/ul>\r\n\r\n\r\n\r\n<p>&nbsp;<\/p>\r\n","protected":false},"excerpt":{"rendered":"<p>De Porto \u00e0 Rio, il n\u2019y a qu\u2019un saut\u2026 Ouvert du Mardi au Dimanche Mardi au Samedi : 12H-15H\/19H-23H Dimanche : 12H-15H R\u00e9servez au 01 30 49 09 89 R\u00e9servations accept\u00e9es jusqu&rsquo;\u00e0 13H le midi et 20H le soir Le Rodizio C\u2019est une viande de qualit\u00e9 et des morceaux exceptionnels&#8230;\u00a0 Vous pensez que les viandes [&hellip;]<\/p>\n","protected":false},"author":1,"featured_media":0,"parent":0,"menu_order":0,"comment_status":"closed","ping_status":"open","template":"","meta":{"footnotes":""},"class_list":["post-4","page","type-page","status-publish","hentry"],"_links":{"self":[{"href":"https:\/\/restaurante-portorio.fr\/index.php?rest_route=\/wp\/v2\/pages\/4","targetHints":{"allow":["GET"]}}],"collection":[{"href":"https:\/\/restaurante-portorio.fr\/index.php?rest_route=\/wp\/v2\/pages"}],"about":[{"href":"https:\/\/restaurante-portorio.fr\/index.php?rest_route=\/wp\/v2\/types\/page"}],"author":[{"embeddable":true,"href":"https:\/\/restaurante-portorio.fr\/index.php?rest_route=\/wp\/v2\/users\/1"}],"replies":[{"embeddable":true,"href":"https:\/\/restaurante-portorio.fr\/index.php?rest_route=%2Fwp%2Fv2%2Fcomments&post=4"}],"version-history":[{"count":27,"href":"https:\/\/restaurante-portorio.fr\/index.php?rest_route=\/wp\/v2\/pages\/4\/revisions"}],"predecessor-version":[{"id":101,"href":"https:\/\/restaurante-portorio.fr\/index.php?rest_route=\/wp\/v2\/pages\/4\/revisions\/101"}],"wp:attachment":[{"href":"https:\/\/restaurante-portorio.fr\/index.php?rest_route=%2Fwp%2Fv2%2Fmedia&parent=4"}],"curies":[{"name":"wp","href":"https:\/\/api.w.org\/{rel}","templated":true}]}}